se 4?
112210201123
Convert 33203142 (base 5) to base 9.
477853
What is -37143655 (base 9) in base 8?
-105206722
What is -30311132 (base 7) in base 4?
-21220023122
95793 (base 13) to base 7
2201145
Convert -2484355 (base 9) to base 4.
-11022300113
Convert -c1ab6 (base 13) to base 9.
-577607
-1044373 (base 10) to base 3
-1222001121111
Convert 103046 (base 13) to base 12.
162872
What is 110010101110111110 (base 2) in base 4?
302232332
29d231 (base 14) to base 11
90604a
Convert 665419 (base 10) to base 12.
2810b7
What is -4202721 (base 10) in base 2?
-10000000010000011100001
Convert 2d6d (base 14) to base 7.
32466
What is 134526152 (base 7) in base 3?
121112221020002
Convert -1054045 (base 8) to base 5.
-33102314
What is 641336 (base 7) in base 12?
5426b
Convert -1201012 (base 5) to base 12.
-1089b
What is -81a95 (base 11) in base 2?
-11101001111011101
Convert -c9de50 (base 15) to base 13.
-1cb86a9
Convert 1638ba (base 16) to base 9.
2658616
Convert -5e573 (base 16) to base 5.
-44331134
Convert -21042 (base 6) to base 8.
-5422
Convert 1b28e (base 15) to base 16.
1590e
What is -ba5319 (base 13) in base 12?
-1573603
30971 (base 16) to base 9
333008
Convert -201201002011 (base 3) to base 5.
-44403021
What is -26947 (base 14) in base 13?
-343b2
What is -20431355 (base 6) in base 3?
-1010020111022
What is 114eb (base 16) in base 9?
117217
Convert 17476 (base 9) to base 12.
6b89
-3420420103 (base 5) to base 3
-112021201010121
4163 (base 10) to base 12
24ab
What is 100230113331 (base 4) in base 6?
233443313
Convert -1771 (base 10) to base 11.
-1370
What is -2480104 (base 9) in base 14?
-272827
Convert -330471 (base 10) to base 14.
-88611
What is 2020122102 (base 4) in base 9?
1041400
2312816 (base 10) to base 2
1000110100101001110000
-8bb50 (base 12) to base 2
-101101100010101100
What is -2267776 (base 8) in base 3?
-1011102102012
Convert -2102221210010 (base 3) to base 2.
-100111100111100001110
Convert 2054c (base 14) to base 3.
10221211110
Convert 12577042 (base 8) to base 15.
3a9c80
What is 920b73 (base 14) in base 15?
672970
-301007 (base 9) to base 12
-86b37
What is 1001100110001111111 (base 2) in base 14?
8287d
Convert 198746 (base 12) to base 11.
288392
What is -82b8d (base 14) in base 16?
-4ced9
ec6fe (base 16) to base 13
27ba5b
11132403 (base 5) to base 7
561634
What is 100001300 (base 4) in base 5?
4100043
What is -2513200 (base 6) in base 9?
-224080
What is -330a1 (base 14) in base 6?
-2352153
Convert 21102132 (base 4) to base 13.
14418
Convert -22400130 (base 7) to base 14.
-38a750
What is -1d390c (base 16) in base 2?
-111010011100100001100
9601767 (base 10) to base 6
541444343
Convert 447186 (base 12) to base 2.
100001010010000110110
-18993 (base 14) to base 13
-22454
What is -24514505 (base 6) in base 11?
-498910
Convert 10210112011 (base 3) to base 13.
28033
What is 1016434 (base 10) in base 12?
41026a
Convert 1103301112 (base 6) to base 14.
18244a8
What is 12c2b7 (base 14) in base 9?
1187062
61522 (base 8) to base 4
12031102
112200320 (base 4) to base 9
150442
What is -2023323100 (base 4) in base 9?
-1063167
bc7d2 (base 14) to base 2
1101111100101100100
Convert 1022000010012 (base 3) to base 13.
1b17b4
-23ee27 (base 15) to base 5
-420033222
What is 1015314 (base 6) in base 14?
13caa
What is 12248e (base 15) in base 13?
245369
-2077141 (base 8) to base 9
-1037510
69ac1 (base 15) to base 4
1102022230
What is 113110111233 (base 4) in base 2?
10111010100010101101111
Convert -938207 (base 11) to base 7.
-15533440
220035 (base 9) to base 4
200002310
-33515053 (base 6) to base 14
-1c8173
What is 7f19dc (base 16) in base 7?
130541550
-50473 (base 8) to base 11
-14695
Convert -220333130012 (base 4) to base 8.
-50773406
Convert 14063246 (base 10) to base 9.
28414128
Convert -b64a4 (base 13) to base 10.
-328163
What is 101032001 (base 4) in base 16?
11381
Convert 2c425b5 (base 13) to base 5.
12120310030
21243221 (base 6) to base 2
10011001010100011101
Convert -1161992 (base 14) to base 8.
-37527634
3045ac (base 15) to base 8
10576260
Convert 10021 (base 15) to base 16.
c5e0
Convert 190206 (base 14) to base 8.
3276376
What is 11443404301 (base 5) in base 13?
2aa0919
-12122211112 (base 3) to base 9
-178745
Convert -16181 (base 9) to base 10.
-11089
a68ab4 (base 14) to base 8
25371446
Convert -1021221211022 (base 3) to base 4.
-2213332301
-10221220232 (base 4) to base 12
-4a9612
Convert -a364a9 (base 14) to base 9.
-11328455
Convert 10414222 (base 5) to base 10.
91812
24b26 (base 13) to base 4
100203121
4e48f (base 16) to base 13
b2c4a
What is -552166 (base 7) in base 10?
-96823
What is -180410 (base 9) in base 4?
-123103332
-5b9018 (base 13) to base 3
-11010021201001
Convert 136da0 (base 14) to base 16.
a41e0
Convert -1303441 (base 6) to base 12.
-34b81
2100010001122 (base 3) to base 16
12f494
636492 (base 11) to base 14
1c73d6
Convert 15525341 (base 8) to base 16.
36aae1
What is 613970 (base 12) in base 10?
1520292
4bb342 (base 14) to base 10
2604702
What is -25a705 (base 14) in base 5?
-312442140
Convert 20110111202112 (base 3) to base 16.
346979
What is 10111110101011101000 (base 2) in base 8?
2765350
Convert -1435145 (base 7) to base 12.
-94245
What is -2e31 (base 15) in base 7?
-40666
-10022111200 (base 3) to base 4
-33323202
-30515131 (base 6) to base 14
-18d171
What is -3b7bde (base 16) in base 2?
-1110110111101111011110
-3abba6 (base 12) to base 4
-3231323232
-116671 (base 8) to base 2
-1001110110111001
12110001221001 (base 3) to base 9
5401831
What is 33011112001 (base 4) in base 5?
2003012144
What is 11321213220 (base 4) in base 14?
2c3968
What is -434413412 (base 5) in base 8?
-7112126
Convert -201202210222120 (base 3) to base 5.
-10142211230
-143b21c (base 14) to base 7
-146345135
What is -132330221 (base 4) in base 15?
-2785b
What is -14221334 (base 5) in base 3?
-21112111020
Convert -3a566 (base 12) to base 11.
-55358
What is -101035255 (base 6) in base 13?
-488087
2e84e5 (base 15) to base 10
2255615
What is -143412361 (base 7) in base 5?
-4411414200
Convert 2288899 (base 11) to base 8.
17170734
What is 2113111032 (base 4) in base 6?
21141410
What is -13c46 (base 13) in base 3?
-1220002012
-135867 (base 9) to base 7
-464143
What is b6772 (base 15) in base 10?
578807
What is -3311404 (base 7) in base 5?
-101000222
What is 3032 (base 15) in base 5?
311142
Convert 32551035 (base 6) to base 13.
283631
What is 4a3049 (base 12) in base 16?
126e79
Convert 442643 (base 7) to base 3.
10221210002
Convert 44145311 (base 7) to base 14.
70a441
3231310201 (base 4) to base 16
edd21
Convert 593422 (base 10) to base 4.
2100320032
51443 (base 10) to base 4
30203303
-4d4f3 (base 16) to base 6
-10442003
289c5 (base 14) to base 8
304561
Convert 1120010310 (base 4) to base 6.
11422100
Convert 14602541 (base 8) to base 9.
6255636
What is -33bc5 (base 14) in base 10?
-125809
What is 2553005 (base 6) in base 5?
13424300
Convert 12422200 (base 5) to base 2.
11110001000100001
What is -3232320202 (base 4) in base 5?
-222302331
What is -111111011101011010 (base 2) in base 6?
-5323214
What is 293349 (base 14) in base 9?
2618866
32236334 (base 8) to base 7
112423315
-111231011 (base 4) to base 3
-11111221122
What is -13041021 (base 5) in base 3?
-20111002021
Convert -64745 (base 9) to base 12.
-209a2
532231 (base 9) to base 5
40112301
What is -643757b (base 12) in base 13?
-3c19c37
Convert 31131103 (base 7) to base 11.
1524a47
What is -88a90 (base 16) in base 12?
-22bb28
Convert -20100102200221 (base 3) to base 12.
-1168897
-24212171 (base 9) to base 6
-1101144444
91502 (base 14) to base 9
582340
849643 (base 11) to base 4
11023331230
What is -308161 (base 12) in base 11?
-47a448
What is -2121022100221 (base 3) in base 11?
-865830
What is 14a86 (base 12) in base 14?
a8d0
-a9855 (base 14) to base 7
-3326535
-10323120 (base 4) to base 15
-5ea9
4163455 (base 8) to base 12
455091
513011 (base 7) to base 3
11102222202
-203500 (base 8) to base 12
-33000
What is -2310021310 (base 4) in base 12?
-2b7044
280570 (base 9) to base 10
171054
Convert -2200155 (base 6) to base 9.
-175378
What is -17c2b (base 16) in base 2?
-10111110000101011
What is 1453442 (base 9) in base 11?
4a9332
56654110 (base 7) to base 13
103b733
Convert 1c4106 (base 13) to base 4.
2300200230
What is 74